at is 3220 (base 4) in base 3?
22121
Convert 111110101 (base 2) to base 10.
501
What is -23230 (base 4) in base 14?
-3b6
What is 175 (base 16) in base 10?
373
Convert -25408 (base 9) to base 12.
-9a8b
20178 (base 10) to base 5
1121203
317 (base 16) to base 14
407
-101001111101 (base 2) to base 5
-41220
What is 22203211 (base 4) in base 6?
532101
Convert 6010 (base 10) to base 9.
8217
What is -3412 (base 11) in base 7?
-16043
What is -339b (base 13) in base 11?
-547a
What is -100111201 (base 3) in base 7?
-26131
What is 11000201 (base 4) in base 11?
14459
11410 (base 6) to base 16
67e
-110122202 (base 3) to base 7
-35621
What is 20345 (base 6) in base 2?
101010101001
What is 245 (base 8) in base 14?
bb
-3151 (base 6) to base 10
-715
Convert 972 (base 16) to base 7.
10023
What is -2234042 (base 5) in base 2?
-1001101111011001
4865 (base 10) to base 5
123430
Convert -1322210 (base 4) to base 5.
-222334
Convert -1384 (base 13) to base 6.
-21004
-39 (base 14) to base 15
-36
What is -12031 (base 4) in base 6?
-1501
What is -1ba (base 15) in base 7?
-1111
What is -40755 (base 8) in base 16?
-41ed
What is 4125 (base 7) in base 9?
1870
Convert 104124 (base 7) to base 12.
a686
5372 (base 10) to base 3
21100222
What is 129 (base 16) in base 2?
100101001
What is a319 (base 11) in base 9?
20704
Convert 354 (base 9) to base 14.
16c
Convert 18776 (base 12) to base 10.
35658
-2655 (base 7) to base 12
-710
What is -121011 (base 3) in base 12?
-304
What is 23225 (base 9) in base 5?
443434
Convert 14142 (base 5) to base 15.
532
-100111100111 (base 2) to base 10
-2535
-100204 (base 5) to base 8
-6153
What is 89 (base 10) in base 7?
155
What is 468 (base 10) in base 5?
3333
Convert -c3b (base 16) to base 10.
-3131
Convert cdc (base 15) to base 10.
2907
What is 178 (base 10) in base 16?
b2
210010 (base 3) to base 6
2350
What is b6d (base 14) in base 15?
a03
Convert 10101100001100 (base 2) to base 16.
2b0c
10110001101000 (base 2) to base 6
124344
-a5a (base 11) to base 6
-5523
What is -579a (base 14) in base 7?
-62253
Convert -b33 (base 15) to base 14.
-cc3
Convert -1000100100 (base 2) to base 13.
-332
What is -3202422 (base 5) in base 7?
-311640
What is -21e (base 15) in base 16?
-1df
5510 (base 7) to base 6
13035
-7790 (base 16) to base 10
-30608
What is -222a (base 12) in base 4?
-323002
What is -c84 (base 16) in base 7?
-12225
What is -5351 (base 11) in base 8?
-15642
What is -389 (base 16) in base 12?
-635
-1300002 (base 4) to base 10
-7170
-10202011 (base 3) to base 16
-aab
What is -10922 (base 10) in base 7?
-43562
Convert ba3 (base 14) to base 12.
13b7
20a12 (base 11) to base 15
908a
518 (base 12) to base 16
2e4
Convert -24050 (base 7) to base 3.
-22111222
What is 112011020 (base 3) in base 5?
312240
Convert -214 (base 8) to base 6.
-352
Convert -2211201 (base 3) to base 12.
-1247
What is 200114 (base 6) in base 5?
444343
What is 1000012002 (base 3) in base 7?
111533
Convert -2004 (base 5) to base 16.
-fe
Convert -22233 (base 4) to base 12.
-493
58073 (base 10) to base 5
3324243
Convert 453 (base 12) to base 5.
10024
Convert -4130 (base 9) to base 12.
-1900
-132401 (base 5) to base 13
-2588
Convert 23142 (base 5) to base 14.
876
What is 10101021 (base 3) in base 10?
2464
Convert 2011212 (base 3) to base 16.
635
What is 7fe (base 16) in base 14?
a62
-243121 (base 5) to base 8
-21711
128 (base 14) to base 2
11101000
9164 (base 15) to base 5
1440234
What is -8b51 (base 13) in base 15?
-5ba1
265 (base 11) to base 15
15d
What is -100001100 (base 2) in base 6?
-1124
Convert -2331213 (base 4) to base 9.
-17573
What is -56f (base 16) in base 12?
-97b
What is -36205 (base 10) in base 7?
-210361
What is 550 (base 7) in base 8?
430
-2a1b (base 14) to base 12
-43a9
Convert 68a0 (base 16) to base 7.
141042
18360 (base 10) to base 12
a760
26 (base 7) to base 13
17
Convert -7da (base 16) to base 11.
-1568
19d5 (base 14) to base 10
4695
-7a3 (base 11) to base 6
-4240
da43 (base 14) to base 8
111473
4473 (base 15) to base 8
34254
What is 3842 (base 13) in base 3?
101222012
Convert 110 (base 2) to base 4.
12
What is -17632 (base 9) in base 5?
-342204
-1320133 (base 4) to base 14
-2b4b
-6683 (base 10) to base 15
-1ea8
Convert 122202 (base 3) to base 16.
1df
bbc (base 14) to base 8
4422
What is -6622 (base 7) in base 5?
-33433
What is -64 (base 13) in base 3?
-10001
What is -12320 (base 8) in base 15?
-18a3
2212 (base 6) to base 7
1331
-b3 (base 16) to base 8
-263
Convert 8055 (base 13) to base 10.
17646
Convert 5016 (base 14) to base 10.
13740
-321010 (base 4) to base 11
-2820
What is 18a (base 14) in base 15?
163
-12010122 (base 3) to base 7
-13625
Convert 56761 (base 8) to base 7.
130054
Convert -221432 (base 5) to base 12.
-4592
What is -25a3 (base 14) in base 3?
-100001212
What is 7d6 (base 15) in base 3?
2102210
Convert 681 (base 9) to base 14.
2bd
What is -21 (base 5) in base 15?
-b
-4334 (base 5) to base 9
-730
What is 11ca (base 13) in base 5?
40112
-33372 (base 9) to base 10
-22178
-172 (base 15) to base 16
-14c
What is 1031012 (base 4) in base 7?
20246
What is -834 (base 15) in base 12?
-10a1
Convert -3331 (base 6) to base 9.
-1051
-137a (base 13) to base 7
-11115
What is 1513 (base 9) in base 15?
516
Convert -4139 (base 12) to base 9.
-10660
Convert -215500 (base 7) to base 15.
-b3ba
111001000000 (base 2) to base 9
5003
Convert 1445 (base 12) to base 6.
14525
31885 (base 11) to base 16
b4eb
-17a5 (base 15) to base 16
-13f1
1811 (base 9) to base 15
627
What is 298 (base 10) in base 9?
361
What is -9ba (base 13) in base 15?
-769
Convert -16588 (base 12) to base 8.
-76270
Convert -151506 (base 7) to base 8.
-71336
-981 (base 14) to base 4
-131111
What is -102202002 (base 3) in base 7?
-33650
Convert -11002110 (base 3) to base 4.
-232212
Convert -5451 (base 10) to base 14.
-1db5
8b3 (base 14) to base 3
2100220
Convert -3f96 (base 16) to base 10.
-16278
What is 2213 (base 6) in base 15?
243
1011000011100100 (base 2) to base 10
45284
What is -250 (base 6) in base 11?
-93
886 (base 15) to base 10
1926
What is 10000100000 (base 2) in base 10?
1056
What is 25360 (base 8) in base 11?
8293
What is -11021 (base 3) in base 13?
-8b
What is 17331 (base 9) in base 5?
340220
What is -1023132 (base 4) in base 9?
-6556
Convert -503 (base 10) to base 11.
-418
-68062 (base 9) to base 10
-45254
Convert 1621 (base 9) to base 5.
14414
12051 (base 7) to base 2
110000110011
What is 140343 (base 5) in base 11?
4333
-160 (base 12) to base 14
-116
-20100 (base 3) to base 7
-333
-154c (base 14) to base 16
-ed0
What is 100101011011 (base 2) in base 9?
3251
Convert -976 (base 14) to base 11.
-1449
Convert 560 (base 16) to base 14.
704
What is 246 (base 13) in base 4?
12030
5d18 (base 16) to base 14
8984
55da (base 15) to base 9
26867
What is 115373 (base 8) in base 10?
39675
Convert -10588 (base 11) to base 8.
-35756
What is -2655 (base 16) in base 3?
-111110110
Convert 152 (base 14) to base 5.
2033
Convert -13f4 (base 16) to base 12.
-2b58
-3954 (base 16) to base 14
-54c4
Convert 465 (base 9) to base 13.
236
What is -3044 (base 6) in base 9?
-831
-501 (base 9) to base 11
-33a
-21021002 (base 3) to base 8
-12256
Convert a52 (base 16) to base 3.
10121212
12003333 (base 4) to base 15
7556
What is -414325 (base 7) in base 15?
-16147
Convert 133010 (base 4) to base 15.
8c8
Convert 4361 (base 7) to base 5.
22222
Convert -23021 (base 5) to base 10.
-1636
Convert -146136 (base 7) to base 8.
-67601
Convert -4c1 (base 15) to base 11.
-8a3
What is a2 (base 15) in base 9?
178
What is 5823 (base 9) in base 7?
15402
What is -10264 (base 7) in base 6?
-15441
Convert -3450 (base 7) to base 14.
-660
2322 (base 4) to base 12
136
-23358 (base 9) to base 8
-36365
Convert -11101000100 (base 2) to base 9.
-2486
Convert 985 (base 10) to base 9.
1314
What is 1440 (base 8) in base 4?
30200
2523a (base 11) to base 13
13644
710 (base 10) to base 15
325
-abc0 (base 15) to base 11
-25396
Convert 40524 (base 6) to base 7.
21454
What is -209c (base 16) in base 10?
-8348
-311 (base 5) to base 3
-10000
-16da (base 15) to base 9
-6677
-3fa (base 16) to base 9
-1351
What is 7106 (base 12) in base 6?
132410
What is -1011212112 (base 3) in base 7?
-124511
1101101000010011 (base 2) to base 5
3241302
124044 (base 5) to base 15
16